s the greatest common factor of 121 and h?
11
Suppose 67 + 197 = 6*l. Let w be -3 - l/(-16) - (-66)/8. Calculate the highest common divisor of w and 40.
8
Let p(z) be the first derivative of z**4/2 + z**2 - z - 9. Let m be p(1). Calculate the greatest common divisor of 1 and m.
1
Let w = -434 - -458. What is the greatest common divisor of w and 312?
24
Suppose 5*k - 16*k + 526 = 119. Let d(x) = 147*x**2 - 2*x - 1. Let l be 11/(-9) - 2/(-9). Let u be d(l). Calculate the highest common factor of k and u.
37
Let a(j) = -33*j - 3. Let k be a(-3). Suppose -2*m - 4*m - k = 0. Let z be m/(-4)*(-55)/(-4). What is the greatest common divisor of 5 and z?
5
Let b be 14 + 2 + (-4 - -1). Let f = -9 + 13. Suppose -2*k = -f*u + 152, -6*k - 109 = -3*u - 2*k. What is the highest common divisor of b and u?
13
Let d(b) = b - 2. Let q be d(-12). Let j be (-30)/4*q/21. Suppose -9*t + j*t + 72 = 0. Calculate the highest common divisor of t and 2.
2
Let y(d) = 103*d + 1320. Let b be y(-12). Let c be 2/(-3) + (-170)/(-3). Calculate the highest common factor of b and c.
28
Let j = -34 - -44. Suppose 0 = 2*b + 2*u + u - j, 2*u = 2*b - 10. What is the highest common divisor of b and 55?
5
Suppose 0 = -5*u + u + j + 154, -123 = -3*u - 3*j. Suppose -4*z + 200 = 4*t, -5*z - 11*t + 15*t = -268. What is the greatest common divisor of u and z?
13
Let g(o) = o**2 - o - 1. Let j(i) = -3*i**2 - 15*i - 16. Let v(z) = -2*g(z) - j(z). Let s be v(-18). What is the greatest common divisor of s and 9?
9
Let k be -1 - (1 - -2) - -1. Let d(r) = 5*r**3 + r**2 + 5*r - 3. Let i be d(2). Let p be 3 + (i/k)/(-1). What is the highest common factor of p and 4?
4
Let k(x) = 97*x**3 - 2*x**2 + x. Let c be k(1). Let v = 168 + -136. What is the highest common factor of c and v?
32
Suppose 5*r + 124 = 4*m, 0 = -5*m - 13*r + 18*r + 160. What is the greatest common divisor of 162 and m?
18
Let x(j) = 4*j - 26. Let d be x(13). Calculate the highest common factor of d and 1.
1
Suppose -q - 29 = -2*q. Suppose -110*k - 406 = -117*k. What is the greatest common factor of k and q?
29
Let t = -135 - -135. Suppose t = -4*g + 9*g - 5. Calculate the greatest common divisor of 14 and g.
1
Suppose 4 = 8*a - 4*a. Let d(f) = 4*f + 3. Let p be d(a). What is the highest common divisor of 28 and p?
7
Let m(x) = x**3 + 7*x**2 - x - 9. Let n be m(-7). Let k be 28/12 + n/6. Suppose -183 - 191 = -k*u. Calculate the greatest common factor of u and 17.
17
Let d(n) = -n**2 + 3*n + 4. Let i be d(3). Suppose -i*q + 102 = -138. What is the highest common divisor of q and 3?
3
Let t be (-1)/12 + (37050/72)/19. Let r be (-28)/(-3) + (-2)/6. Calculate the highest common divisor of t and r.
9
Let s be 3245/15 + (-1)/3 - -4. What is the highest common factor of 264 and s?
44
Let f be ((-290)/30 - 9)*-12. What is the greatest common divisor of f and 126?
14
Let i(m) = -18*m**2 + m + 2. Let w be i(-1). Let p be w/(25/30 + -1). Calculate the greatest common factor of p and 6.
6
Let z = -19 - -19. Suppose z = x + x - 308. What is the greatest common divisor of 14 and x?
14
Let h be -1 + -1 + 3 + 1. Calculate the greatest common divisor of 7 and h.
1
Let q be ((-32)/12 - 8)/((-8)/12). Calculate the greatest common divisor of 26 and q.
2
Let i be (58/3 - -2)*3. Suppose -x = 14 - i. Calculate the highest common factor of 125 and x.
25
Suppose -2*t = -5*p - 266 + 194, 4*p = -8. Let c(l) = l**3 + 7*l**2 - 2*l + 2. Let d be c(-5). What is the highest common divisor of d and t?
31
Let j be (8 + -40)/(-2 + 0). Calculate the greatest common factor of 56 and j.
8
Let v = 1848 + -763. Calculate the greatest common factor of 105 and v.
35
Let y = 17 + -28. Let x = 16 + y. Suppose 3*f - x*f - 18 = -2*h, -3*h + f + 25 = 0. Calculate the highest common factor of 1 and h.
1
Let f = 50 - 30. Let n be 13 + -3*(-9)/(-9). What is the highest common divisor of f and n?
10
Let y be (-5 + 0 + -7)*5/(-2). Calculate the greatest common divisor of y and 110.
10
Let v(l) = -l**2 + 3*l + 3 + 5*l + 3. Let t be v(6). What is the highest common factor of t and 90?
18
Suppose 6*b - p = 3*b + 238, -p = 2*b - 162. What is the highest common divisor of 20 and b?
20
Suppose 0 = q, -5*q + 54 = 2*c - 7*q. Calculate the greatest common divisor of c and 3.
3
Let t(z) = -17*z + 2. Let a be t(0). What is the highest common divisor of 50 and a?
2
Suppose 4*c - 16 = 0, -48 = -2*t + 10*c - 6*c. Calculate the highest common factor of t and 16.
16
Let t be 2 + (-28 + 30)/(2/5). What is the highest common factor of t and 28?
7
Let g(u) = -13*u - 114. Let y be g(-24). What is the greatest common factor of y and 22?
22
Suppose p + p - 8 = 0. Suppose p*u - 1 = 19. Suppose -340 = -5*a + u*s, -4*s - 24 = -2*a + 110. Calculate the greatest common divisor of 46 and a.
23
Suppose v - 5 = -11. Let k be ((-44)/(-12))/(10/v + 2). Calculate the greatest common divisor of 44 and k.
11
Let k(b) = -b**3 - 6*b**2 + 9*b + 19. Let m be k(-7). Suppose 3*x - 2*s - 132 = s, -m*x = -4*s - 215. Calculate the highest common divisor of 26 and x.
13
Let l be 75 - -10 - -3*5/(-3). What is the highest common factor of 5 and l?
5
Suppose -4*l = -5*l - 4*q - 8, 0 = -3*q + 3. Let k be 5 - (l/(-3) + -1). Suppose -k*b + 1 + 15 = 0. What is the highest common divisor of 32 and b?
8
Let g = -43 - -100. Suppose 4*q + 31 = 5*u, -q - 2 + 3 = 0. Suppose 2*i - 64 = 4*k - u*k, k = -4. What is the greatest common divisor of g and i?
19
Let o = -296 - -499. Calculate the highest common divisor of 58 and o.
29
Suppose 36*t - 34*t - 40 = -2*m, 3*m - 52 = -t. Let a = 9 + -1. Calculate the greatest common divisor of m and a.
8
Suppose 2 + 23 = 5*s. Suppose -56 = -s*o + 14. What is the highest common divisor of 7 and o?
7
Suppose -4*h - 3*i = -39, -2*i = 5*h - i - 35. Let a be (9 - h)*17/3. Let x be (0 - (-3)/(-1)) + a. What is the highest common divisor of x and 28?
14
Suppose 24*i + 348 - 2820 = 0. Calculate the highest common divisor of 824 and i.
103
Let h = 25 - 21. Suppose s - 195 = -h*s. Calculate the greatest common factor of 13 and s.
13
Let r(q) = -2*q**2 + 20*q - 9. Let p be r(14). Let g = p + 157. Calculate the highest common factor of 4 and g.
4
Let m(q) = q**2 + 13*q + 12. Let b be m(-9). Let g(o) = -o**2 - 25*o - 9. Let s be g(b). What is the greatest common factor of 15 and s?
15
Let u(d) = -d**3 - 47*d**2 + 93*d - 25. Let o be u(-49). What is the greatest common divisor of 140 and o?
20
Suppose -4*n + 7*n = 15. Suppose 4*p - n*p + 207 = 0. Let i = p + -129. Calculate the highest common divisor of 39 and i.
39
Suppose 110 = -40*y + 42*y. Calculate the greatest common factor of y and 330.
55
Let y be -3 + (-86)/10 - (-2)/(-5). Let u(o) = -2*o + 12. Let w be u(y). What is the highest common divisor of 24 and w?
12
Let x be (-11 + 15)*((-75)/(-10) - 2). What is the greatest common divisor of 275 and x?
11
Suppose 0 = -29*j + 4 + 25. Let t = 22 + -15. Calculate the greatest common factor of t and j.
1
Let d(y) = -y**3 + 4*y**2 + 9*y - 4. Let m be d(5). What is the highest common divisor of 2 and m?
2
Let y be (30/(-12))/((-5)/30). Calculate the greatest common divisor of y and 3.
3
Let m(r) be the first derivative of -r**2/2 + 8. Let o(b) = -3*b - 7. Let i(j) = -4*m(j) + o(j). Let u be i(11). What is the greatest common factor of 32 and u?
4
Let k be (-1)/((-26)/24 - -1). Let u be ((-6)/(-4) - 1)/(1/84). Suppose 6*x = 20*x - u. Calculate the highest common factor of x and k.
3
Let w be (-4 - (0 + -12))*1. Suppose 68 - 24 = 4*t. Let m = -3 + t. What is the greatest common divisor of m and w?
8
Let b be (-25)/((-125)/6490) + -8. Calculate the greatest common factor of b and 30.
30
Suppose 59 = -5*f + 204. Suppose -w - 4*w + 90 = 0. Let g = f - w. What is the highest common factor of g and 44?
11
Let b be 4/10 - ((-2618)/55 - -5). What is the greatest common divisor of 43 and b?
43
Let p be ((-14)/6)/(1/3). Let n be (-528)/(-56) - (-3)/p. Let w be ((-3)/n)/((-2)/72). Calculate the greatest common divisor of w and 3.
3
Suppose 98 = g + g. Let q = g - 26. Suppose 0 = 2*n - 0*n - 5*m - q, -3*m + 39 = n. Calculate the greatest common divisor of 6 and n.
6
Suppose 1 = 9*t + 1. Let a(j) = -j**3 + 2*j + 19. Let o be a(t). Calculate the highest common factor of o and 190.
19
Let b(x) = 57*x**2 + 23*x - 57. Let o be b(3). Wh